r*j - 825 - u. What is the hundreds digit of j?
1
Suppose 5*c + 805 = 3*m, c + 3*m + 149 = 6*m. What is the hundreds digit of 2 - -2*(3 - c) - 2?
3
Suppose -3*m = 2*h - 10, 4*m = 4*h + 52 - 12. What is the tens digit of -1263*(6 - (m + 1))?
6
Suppose -17*u - 68 = -21*u. Suppose 40*j - u*j - 3082 = 0. What is the hundreds digit of j?
1
Suppose -10 = 137*f - 139*f. Let o be 415 + 1 + -2 + 0. Suppose -o = -4*b - f*b. What is the units digit of b?
6
Let n = -27 - -296. Suppose -4*b + 179 = -n. Let l = 205 - b. What is the tens digit of l?
9
Let u(o) be the first derivative of -7*o**4/4 + 4*o**3/3 + 5*o**2 + 13*o - 21. What is the hundreds digit of u(-4)?
4
Suppose 0 = -65*y + 13*y + 526777 + 338763. What is the hundreds digit of y?
6
Let p be (10/1)/(3/(-3)). Let w be p/65 - (0 - (-4916)/(-13)). What is the units digit of w/22 - 20/110?
7
Let f(w) = w**3 - 2*w**2 - w + 2. Let b be f(3). Let y(j) be the second derivative of j**4/6 - 5*j**3/6 - 2*j**2 + 47*j. What is the tens digit of y(b)?
8
Suppose -36*j + 329554 = 5*s - 40*j, j = -s + 65918. What is the ten thousands digit of s?
6
Let n = 49336 + 15433. What is the hundreds digit of n?
7
What is the thousands digit of (-1 + 5)/((-40)/116310*-3) + 1?
3
Suppose -l + 46*l = 37890. Let k = 546 + l. What is the units digit of k?
8
Suppose 4*g = -4*w + 175700, -10*w + 12*w = g + 87862. What is the ten thousands digit of w?
4
Suppose 0 = 3*k + 105 - 90. Let i(x) = x**2 - 2*x - 18. Let r be i(k). Suppose 10*b - r*b + 714 = 0. What is the hundreds digit of b?
1
Let z(j) be the second derivative of j**4/12 - 3*j**3/2 + 15*j**2/2 + 20*j. Let f be z(7). What is the units digit of (-7 + -302)*f/(-3)?
3
Suppose 959*i = 843*i + 4500684. What is the ten thousands digit of i?
3
Suppose 5 = y, -8*k + 41 = -4*k + 5*y. Suppose -3*s - 1 = 2, 2*v + k*s = 144. What is the units digit of v?
4
Suppose -6*a - 4 + 34 = 0. Suppose -1 - 4 = a*o, m + 4*o - 154 = 0. What is the tens digit of m?
5
Let u = 316 + -302. Suppose -u*d + 13*d = -243. What is the units digit of d?
3
Let c(j) = -72*j + 667. What is the thousands digit of c(-13)?
1
Let f = -8886 + 12486. What is the thousands digit of f?
3
Suppose -5*m + 8 = -62. Let p = 12 - m. Let t(l) = 8*l**2 - 7*l - 9. What is the units digit of t(p)?
7
What is the hundreds digit of ((-1412)/14)/((-75)/1050)?
4
What is the hundreds digit of 24*212 - (5 - 15)?
0
Suppose f = -3*n + 74, -3*n = 6*f - f - 358. Suppose -66*k - 1530 = -f*k. What is the hundreds digit of k?
3
Let n = -18567 - -36637. What is the hundreds digit of n?
0
Let u be (-16)/(-3) + (-21)/9. Let i be (3 - 4)*(1 - 1). Suppose i*r + u*r = 198. What is the tens digit of r?
6
Suppose 0 = 9*o + 5*o - 4*o - 102330. What is the units digit of o?
3
Let a = 15935 - 9068. Suppose 10*g + 2137 = a. What is the units digit of g?
3
Suppose -3*a + 3327 = n, 4*a = 3*n + 5*a - 10005. What is the units digit of n?
6
Let p(c) = -51*c + 27*c + 5*c + 0*c**2 + 52 + 3*c**2. What is the hundreds digit of p(15)?
4
Let g be (42/(-15))/((-5 - -10)/(-1175)). Let i = -5 - -9. Suppose -d + 830 = 5*o, i*o + 3*d = d + g. What is the hundreds digit of o?
1
Suppose 147*g - 97*g - 71*g = -1158318. What is the thousands digit of g?
5
Suppose -5*h + 550 = 540. Suppose -2*x + 318 = 2*x - h*p, 0 = x - 4*p - 97. What is the units digit of x?
7
Suppose t - 3*a - 488 = 0, -2*t + 190 + 786 = 2*a. What is the units digit of t + 4/16*20?
3
Let y(f) = 11*f + 537 + 1078 - 41*f**2 + 38*f + 40*f**2. What is the tens digit of y(0)?
1
Let b be ((-60)/(-90))/((-3)/((-63)/(-2))). Let o(f) = -f**3 - 2*f**2 - 22*f - 68. What is the units digit of o(b)?
1
Let v(b) = b**2 - 4*b + 5. Let l be v(3). Let s(k) = k**3 - 5*k**2 + k**2 - 5 + 6*k**2 + l*k + 8*k**2. What is the hundreds digit of s(-6)?
1
Suppose -3*a + 27542 = -l, -5*a + 45918 = -90*l + 92*l. What is the thousands digit of a?
9
Suppose -2*y = 10, -y + 4*y = -4*s + 27501. What is the thousands digit of s?
6
Suppose 2*i - 8 = 0, -58 = -5*f - 5*i - 103. What is the tens digit of (-3 - f/7)/(8/(-2044))?
9
Let t = 107 - 104. Suppose -b + 53 = -t*w, 162 = -0*b + 4*b - 2*w. What is the tens digit of b?
3
Let x(a) = 22*a + 40. Let f be x(9). Suppose -f = 11*z - 4*z. What is the tens digit of z/14 + 2 - 3353/(-49)?
6
Suppose -1807030 - 4682486 = -211*l. What is the units digit of l?
6
Let x be (-64)/(-8)*6/8. Let u be -1 + (-18)/(-5 + 2). What is the tens digit of x*8*(-4 + u)?
4
Let s(h) = -657*h - 2384. What is the tens digit of s(-6)?
5
Let t be ((-6 - -6) + 311)/(0 + 1). Suppose 6*h - 1763 + t = 0. What is the units digit of 2/8*h*(-3 + 5)?
1
Let w(g) = 68*g**3 + 14*g**2 - 77*g + 12. What is the hundreds digit of w(5)?
4
Let k be (-22)/4*12/(-33). Let v(n) = 91*n**2 + 3*n - 8. What is the tens digit of v(k)?
6
Suppose 0 = 5*b - 27 + 2. Let h be b*(-4)/(-20)*5. Suppose h*k - 180 = k. What is the units digit of k?
5
Let j(n) = -n**3 + 9*n**2 + n + 83. Let h be j(10). Let o(q) = q**2 - 33*q + 16. What is the hundreds digit of o(h)?
2
Suppose -5*q + 17 = -2*p, -3*p - 15 = -3*q - q. What is the units digit of (-17)/(2/40*p) - 3?
7
Let f(p) = -23216*p - 488. What is the ten thousands digit of f(-1)?
2
Let f(p) = -9*p**3 + 13*p**2 - 16*p - 16. What is the thousands digit of f(-5)?
1
Let q = 32297 + -9201. What is the units digit of q?
6
Let r = -8 - -21. Suppose -799 - 3478 = -r*a. Let m = 485 - a. What is the hundreds digit of m?
1
Suppose 97122 + 94776 = 4*j + 2*q, 47976 = j - q. What is the ten thousands digit of j?
4
Suppose -3*i - i + 20 = 0. Suppose -4*n = -3*z - 12, 0 = 4*n - 5*z - i - 7. Suppose 0 = -m - 3, n*g - g + 3*m - 21 = 0. What is the tens digit of g?
1
Suppose 0 = -6*l + 52 - 40. Suppose 5*z - 2*h - 2572 - 81 = 0, 2*h = l*z - 1066. What is the tens digit of z?
2
Let c be (-240793)/(-164) - (6/(-8) - 0). Suppose g = 4*i - 1449, -3*g - 2*g = -4*i + c. What is the units digit of i?
1
Let z(j) be the second derivative of -j**5/20 + 7*j**4/6 + 5*j**3/6 + 37*j**2/2 + 4*j - 17. What is the hundreds digit of z(11)?
4
Let s(w) = -w + 11. Let t be 60/(-40) - (-38)/4. Let g be s(t). What is the units digit of 8/(35/(-15) + g)?
2
Let a(g) = 30*g**2 + g + 42. Let c(l) = l**2 - 19*l + 72. Let s be c(6). What is the hundreds digit of a(s)?
1
Let z be -2*(7 + -7 - -501). Let l = z + 1568. What is the tens digit of l?
6
Let a(s) = 161*s + 1855. What is the units digit of a(31)?
6
Let q = -15 - -22. Let o(h) = -3 + 3*h**3 + 7 + 0 - q*h. What is the tens digit of o(3)?
6
Let j be (-41)/(-2) - 3/(-2). Let x(q) = 13*q - 56. Let l be x(7). Let i = j + l. What is the units digit of i?
7
Let t = 5323 - 964. What is the thousands digit of t?
4
Let n(f) = f**2 + 6*f - 6. Let t be n(-6). Let l be -4*(-1)/t + (-185)/(-3). Let m = 74 - l. What is the units digit of m?
3
Let q be 15/6*-1*130. Let n = q - -686. What is the hundreds digit of n?
3
Let g(v) = -v**2 + 2*v - 168. Let b be g(0). Let n = 14 - b. Let m = n + -100. What is the tens digit of m?
8
Suppose 3*q - 192131 = -46*k + 44*k, 192151 = 3*q - 2*k. What is the thousands digit of q?
4
Suppose 4*j + 8*m = 3*m + 148, -j = 3*m - 37. Suppose 5*v = 20, -j*g + 34*g - 2*v + 2864 = 0. What is the tens digit of g?
5
Suppose v - k + 44 = 0, 0 = 2*v - 4*k + 83 + 11. Let l(i) = 10*i**3 - 4*i + 2. Let r be l(2). Let p = r + v. What is the tens digit of p?
3
Suppose t = 8*t - 224. Suppose t*x - 9044 = 18*x. What is the units digit of x?
6
Let k(r) = 6*r - 1. Let m(j) = 17*j**2 + 3*j + 1. Suppose -4*i - i - 5 = 0. Let h be m(i). What is the tens digit of k(h)?
8
Let h(a) = 7*a**2 - 5*a + 36. Let d(u) = -u**2 - u. Let g(p) = 6*d(p) + h(p). Let m be g(7). Let i = 150 - m. What is the units digit of i?
2
Suppose 18*a - 20*a = 0. Suppose -w - 780 = -4*w + 2*f, a = -f. What is the hundreds digit of w?
2
Suppose -4*d = 7*d - 847. Let o = d + -96. What is the units digit of (-3004)/o + 4/(-38)?
8
Suppose -k - 3*i + 4 + 7 = 0, 5*i - 37 = -4*k. Let m be 1/9*(k - 5)*489. Suppose -m + 29 = -2*b. What is the units digit of b?
7
Let n = 28 - 37. What is the tens digit of 289 - 1 - ((-7 - n) + 2)?
8
Let l = 215 - 199. Suppose -4*o = 4*i - 676, 21 = -i + l. What is the tens digit of o?
7
Suppose -19*c + 113122 = -182898. What is the thousands digit of c?
5
Suppose -4*y + 41*g - 39*g = -269024, -g = -7*y 